 f?
2
Suppose -4512 = -2*g - 2*m, -3 = -2*m - 9. What is the tens digit of g?
5
Let k be (-6)/4*8/(-6). Suppose 12 = k*t + 2*t + 4*r, -2*r - 19 = -3*t. Suppose -2*w + 17 = -5*n - 3, 4*w - t*n = 30. What is the units digit of w?
5
Let x(l) = -5*l**2 - 6*l - 3 + 1 + 4*l**2 - 2. Let t be x(-5). Let p = 7 - t. What is the units digit of p?
6
What is the tens digit of ((-24)/4)/((-52)/22178)?
5
Suppose -3*l + 12 = -4*u, 0*u + 3*u - 33 = -3*l. What is the tens digit of ((-45)/2*l)/(-1)?
8
Let l(q) = 151*q + 147. What is the hundreds digit of l(8)?
3
Suppose -i - 38 = -20*i. Let z = 26 + 18. Suppose z = i*q - 20. What is the units digit of q?
2
Let p(k) = -525*k + 97. What is the hundreds digit of p(-8)?
2
Let b be 312/9*(-3)/(-1). Suppose 241 = 5*f - b. What is the tens digit of f?
6
Let n = 40 - 49. What is the units digit of (-1)/(n/2) + 788/18?
4
Suppose 3*u - 4*p - 885 = 1338, 0 = -4*p. What is the hundreds digit of u?
7
Suppose 2*i + 3*a + 2 = 0, 0 = 2*i + 3*i + 5*a. Suppose 120 = i*w + 6*w. What is the units digit of w?
5
Let p = 106 + -45. Suppose 57 = 2*o + 4*z - 81, o - 2*z = p. What is the tens digit of o?
6
Suppose -5*l = -3*j + 80, 4*l = -j + 2*j - 64. What is the units digit of (-1068)/l + 3/12?
7
Suppose 4*c = 5*j - 11, 5*j + 4*c = -c - 25. Let d be 14/(-6) - j/3. Let w(s) = -15*s + 1. What is the units digit of w(d)?
1
Suppose -4*h + 24*d + 2407 = 29*d, 1196 = 2*h + 4*d. What is the tens digit of h?
0
Suppose 2*r - 5 = -1. Suppose 0 = 3*q + 4*o - 1213, 5*q - 806 = 3*q - r*o. Suppose 4*h - q = -123. What is the units digit of h?
9
Let y(l) = -212*l - 13. What is the hundreds digit of y(-4)?
8
Let q be (-4)/(-8)*(-64)/4. Let r = q + 31. What is the tens digit of r?
2
Suppose j + 4*k = 2446, 0 = -3*j + 2*k + 2117 + 5207. What is the units digit of j?
2
Suppose -6*x = -5*v - 8*x + 851, 3*x = 5*v - 836. What is the hundreds digit of v?
1
Let f(i) be the second derivative of -i**5/20 - i**4/2 + 11*i**3/6 + 5*i**2 + 2*i. Suppose -q - 2*h + 5 = 9, -4*q - 30 = h. What is the units digit of f(q)?
0
Suppose 15 = -d - 2*d. Let v(o) = -5*o + 7. Let t(k) = 1. Let r(f) = -t(f) + v(f). What is the units digit of r(d)?
1
Let h(c) = 2*c**3 + c**2 - c - 41. Let m be h(-5). Let g = -131 - m. What is the tens digit of g?
3
Let x(i) = 2*i**2 + 20. Suppose 0 = -25*l + 21*l + 28. What is the hundreds digit of x(l)?
1
Let k(z) = 50*z + 47. What is the hundreds digit of k(12)?
6
Let f(o) be the first derivative of -39*o**2/2 + 11*o + 20. What is the tens digit of f(-2)?
8
Let n = -23 + 8. Let y be 2/(-10) + 207/n. Let t = y + 15. What is the units digit of t?
1
Suppose 0*t - 4*t - 4*m - 56 = 0, -m = -t - 10. Let i = -12 - t. Suppose 4*d - 3*d - 53 = i. What is the units digit of d?
3
Let n = 10 - 0. Suppose -c + 0*c - n = 0. Let r(w) = -w**3 - 9*w**2 + 7*w - 9. What is the tens digit of r(c)?
2
Suppose -4*m + 4*h = -29 - 91, -5*h = -10. Let k = m + 43. Suppose 2*g - 5*g + k = 0. What is the tens digit of g?
2
Suppose -38 = -6*f - 62. Let k(u) = -20*u - 13. Let s(d) = -10*d - 7. Let h(m) = 6*k(m) - 11*s(m). What is the units digit of h(f)?
9
Suppose -9*z + 47322 = 24*z. What is the units digit of z?
4
Suppose 0 = 3*r + 24*r - 38394. What is the units digit of r?
2
Suppose v = 5*v + 3*d + 13, 2*v + 3*d + 11 = 0. What is the units digit of -2 + 214 - 0/v?
2
Let p be 1/(10/(-6) + 2). Suppose -p*b - 12 = -4*b. What is the units digit of (-6 - (-2 - 1)) + b?
9
Suppose 2*h + 4*c - 2 = 0, 0*c - 3*c = -4*h - 29. Let k = 8 + h. Suppose -2*y + x + 140 = 3*y, -15 = k*x. What is the units digit of y?
7
Let y(m) = m**3 + 2*m**2 - 4*m - 2. Let r be y(-2). Suppose r*g - 76 - 20 = 0. What is the tens digit of g?
1
Suppose -8*m = -3*m - 800. Let v = m - 57. What is the hundreds digit of v?
1
Suppose 9*a - 183 = 23217. What is the units digit of a?
0
Suppose 4*s + 2*o - 866 = 1548, s - 606 = -3*o. Suppose 0 = -x + 2*p + 131, 5*x + 2*p = -p + s. What is the tens digit of x?
2
Let y(z) be the third derivative of -23*z**4/24 + z**3/2 + 2*z**2. What is the units digit of y(-1)?
6
What is the tens digit of (-1440)/(-20)*59/1?
4
Let y(u) be the first derivative of -u**2/2 + 58*u - 12. What is the units digit of y(0)?
8
Let l(a) be the second derivative of -11/2*a**2 + 7/3*a**3 - 4*a + 0. What is the tens digit of l(4)?
4
Let m = 2291 + -642. What is the tens digit of m?
4
Suppose 3*b - 110 = 1582. What is the units digit of b?
4
Suppose -2*z = 4*f - 1610, -205 - 190 = -f + z. What is the units digit of f?
0
What is the units digit of ((4586/3)/(-1))/((-6)/9)?
3
Let a(v) = -v**2 - 6*v - 8. Let j be a(-12). What is the tens digit of ((-116)/(-10))/((-16)/j)?
5
Let q(u) = -u**2 + u + 11. Let v = 4 + -4. What is the tens digit of q(v)?
1
Let j be -1 - 0 - (-2 + -1). Suppose j*i - 4*a = -2 - 12, 5*i + 2*a = -83. Let f = 20 + i. What is the units digit of f?
5
Let x(m) = 5*m - 37. Let q be x(5). What is the units digit of (-2)/(((-9)/6)/((-333)/q))?
7
Suppose -22 = 4*g - 94. Suppose g = 7*a - 773. What is the tens digit of a?
1
Let k = -127 + 129. Let p(h) = 28*h**3 + 2*h**2 - 4*h + 4. What is the tens digit of p(k)?
2
Let t = 557 + 81. What is the hundreds digit of t?
6
Let d(k) = -3*k - 11. Let r be d(5). Let t = -7 - r. Suppose -t*s = -17*s - 66. What is the tens digit of s?
3
Let o(m) = -m**3 + 12*m**2 - 31*m + 8. Let b be o(9). Let n be (-12)/1*5/3. Let h = n - b. What is the units digit of h?
8
Let t = -7 + 12. Suppose k + t = -4. Let p(u) = -u**2 - 11*u - 4. What is the tens digit of p(k)?
1
Let g(b) = 5*b**2 - 14*b - 290. What is the thousands digit of g(19)?
1
What is the tens digit of (2 - 1) + (-8 - (-4 + -639))?
3
Suppose 967 + 865 = a. What is the tens digit of a?
3
Suppose -45*x = -42*x - 4047. What is the tens digit of x?
4
Let b(o) = -9*o - 2*o - o**2 + 6 + 0*o. Let f = 84 - 93. What is the tens digit of b(f)?
2
Let m(u) = -53*u**3 - 2*u**2 + u - 2. Let k(c) = -160*c**3 - 6*c**2 + 2*c - 6. Let z(h) = 4*k(h) - 11*m(h). What is the tens digit of z(-1)?
5
Let j(s) = -s**3 - 22*s**2 + 23*s - 10. What is the hundreds digit of j(-27)?
0
Let m = 9 + -3. Let b(k) = 2*k + 12. Let v be b(0). Suppose m*u - 90 = -v. What is the units digit of u?
3
Suppose -7*c = -4*s - 10*c + 1967, -2*c + 1962 = 4*s. What is the tens digit of s?
8
What is the units digit of 1001 - ((-16)/6)/(22/(-33))?
7
Suppose 0 = 34*f - 38*f - 5*o + 3165, -f = -5*o - 810. What is the tens digit of f?
9
Let b = -104 - -247. What is the units digit of b?
3
Suppose -3*z + 2554 = -2690. What is the tens digit of z?
4
Let g be (-191)/(-7) + 2/(-7). Let n(a) = -a**3 - 17*a**2 - 18*a + 13. Let z be n(-16). Let p = z - g. What is the tens digit of p?
1
Suppose -5*d + 4*a + 4053 = 0, 2*d - 1612 = 2*a - 5*a. What is the hundreds digit of d?
8
Suppose -5*c = -10 + 35. Let x(q) = -q**2 - 2*q + 2. Let a be x(c). Let p = a + 29. What is the units digit of p?
6
Suppose 4*x + 5 = 5*z, -3*z + 9 = x - 11. Suppose 9 = z*u - 8*u. What is the units digit of (-2)/u + (-1088)/(-24)?
6
Suppose -2*s - 750 = -2*h, -5*h - 3*s = 355 - 2190. What is the units digit of h?
0
Suppose 33*n = 8129 + 7546. What is the tens digit of n?
7
Let b be 4*(-3)/3 + (-114)/6. Suppose 2*l + d = 2*d + 113, 2*l - 116 = -2*d. Let x = l + b. What is the tens digit of x?
3
Let z(r) = 5*r**2 + 2*r + 2. Let n(m) = -m**2 + 2. Let s be n(2). Let d(l) = 4*l**2 + 2*l + 1. Let x(w) = s*z(w) + 3*d(w). What is the units digit of x(1)?
3
Let k(u) = 41*u + 842. What is the hundreds digit of k(16)?
4
Suppose 5*t - 15*i - 4661 = -17*i, -4*t = -3*i - 3738. What is the tens digit of t?
3
Let w = 127 - 44. Let h = w - 28. What is the units digit of h?
5
Suppose 2*z = g - 4, -z + 10 = 5*g - 10. Let l = g + -10. What is the tens digit of (-189)/(-6)*l/(-9)?
2
Suppose 0 = -2*h + x - 15, 5*h + 3*x + 40 = -14. Let i = h + 45. What is the tens digit of i?
3
Let m be ((-13)/(-2))/((-2)/(-4)). Let k = 8 + m. What is the units digit of k?
1
Let h = 59 + -55. Suppose -d - 2*l = -74, 4*l + 104 = h*d - 3*d. What is the units digit of d?
4
Let g = -149 - -124. Let n = 81 - 55. Let s = n - g. What is the units digit of s?
1
What is the hundreds digit of (-94)/(-235) - (-2398)/5?
4
Let g(z) = 4*z**2 - 18*z - 498. What is the hundreds digit of g(-19)?
2
Suppose -19*v + 15080 = 7*v. What is the